{"id":988,"date":"2023-08-01T08:02:43","date_gmt":"2023-08-01T08:02:43","guid":{"rendered":"https:\/\/icon-spirits.com\/iconpartner\/?post_type=product&#038;p=988"},"modified":"2024-08-06T16:39:28","modified_gmt":"2024-08-06T16:39:28","slug":"playstation-5-standard-consola-god-of-war-ragnarok","status":"publish","type":"product","link":"https:\/\/icon-spirits.com\/iconpartner\/producto\/playstation-5-standard-consola-god-of-war-ragnarok\/","title":{"rendered":"Playstation 5 Standard Consola + God of War Ragnar\u00f6k"},"content":{"rendered":"","protected":false},"excerpt":{"rendered":"<ul class=\"a-unordered-list a-vertical a-spacing-mini\">\n<li class=\"a-spacing-mini\"><span class=\"a-list-item\">Consola PS5 + juego God of War Ragnarok<\/span><\/li>\n<li class=\"a-spacing-mini\"><span class=\"a-list-item\">PS5 edici\u00f3n est\u00e1ndar de 825GB de almacenamiento<\/span><\/li>\n<li class=\"a-spacing-mini\"><span class=\"a-list-item\">La consola PS5 ofrece nuevas posibilidades de juego que nunca hab\u00edas imaginado. Experimenta una carga ultrarr\u00e1pida con una SSD de alt\u00edsima velocidad<\/span><\/li>\n<li class=\"a-spacing-mini\"><span class=\"a-list-item\">Disfruta de una inmersi\u00f3n m\u00e1s profunda: Gracias a la respuesta h\u00e1ptica, gatillos adaptativos y audio 3D, adem\u00e1s de una nueva generaci\u00f3n de incre\u00edbles juegos PlayStation<\/span><\/li>\n<li class=\"a-spacing-mini\"><span class=\"a-list-item\">De la mano de Santa Monica Studio llega la secuela del aclamado God of War (2018). El Fimbulvetr est\u00e1 en marcha. Kratos y Atreus deben viajar a cada uno de los Nueve Reinos en busca de respuestas<\/span><\/li>\n<li class=\"a-spacing-mini\"><span class=\"a-list-item\">God of War Ragnarok: Emb\u00e1rcate en un \u00e9pico y emotivo viaje en el que Kratos y Atreus deber\u00e1n decidir a qu\u00e9 se aferran y qu\u00e9 dejan ir<\/span><\/li>\n<li class=\"a-spacing-mini\"><span class=\"a-list-item\">Explora vastos reinos: Viaja a trav\u00e9s de peligrosos e incre\u00edbles escenarios mientras te enfrentas a una gran variedad de criaturas, monstruos y dioses n\u00f3rdicos al tiempo que Kratos y Atreus buscan respuestas<\/span><\/li>\n<\/ul>\n","protected":false},"featured_media":989,"template":"","meta":[],"_links":{"self":[{"href":"https:\/\/icon-spirits.com\/iconpartner\/wp-json\/wp\/v2\/product\/988"}],"collection":[{"href":"https:\/\/icon-spirits.com\/iconpartner\/wp-json\/wp\/v2\/product"}],"about":[{"href":"https:\/\/icon-spirits.com\/iconpartner\/wp-json\/wp\/v2\/types\/product"}],"wp:featuredmedia":[{"embeddable":true,"href":"https:\/\/icon-spirits.com\/iconpartner\/wp-json\/wp\/v2\/media\/989"}],"wp:attachment":[{"href":"https:\/\/icon-spirits.com\/iconpartner\/wp-json\/wp\/v2\/media?parent=988"}],"curies":[{"name":"wp","href":"https:\/\/api.w.org\/{rel}","templated":true}]}}