{"id":873,"date":"2023-03-02T15:34:32","date_gmt":"2023-03-02T15:34:32","guid":{"rendered":"https:\/\/icon-spirits.com\/iconpartner\/?post_type=product&#038;p=873"},"modified":"2024-10-07T00:06:13","modified_gmt":"2024-10-07T00:06:13","slug":"apple-2022-apple-tv-4k-wi%e2%80%91fi","status":"publish","type":"product","link":"https:\/\/icon-spirits.com\/iconpartner\/producto\/apple-2022-apple-tv-4k-wi%e2%80%91fi\/","title":{"rendered":"Apple 2022 Apple TV 4K (Wi\u2011Fi)"},"content":{"rendered":"","protected":false},"excerpt":{"rendered":"<ul class=\"a-unordered-list a-vertical a-spacing-mini\">\n<li><span class=\"a-list-item\">4K con Dolby Vision y HDR10+ que ofrece una imagen ultrarrealista<\/span><\/li>\n<li><span class=\"a-list-item\">Dolby Atmos para un sonido tridimensional con calidad de cine<\/span><\/li>\n<li><span class=\"a-list-item\">Potencia incre\u00edble gracias al chip A15 Bionic<\/span><\/li>\n<li><span class=\"a-list-item\">Mando Siri Remote con clickpad t\u00e1ctil para un control preciso<\/span><\/li>\n<li><span class=\"a-list-item\">Series y pel\u00edculas Apple Originals de Apple TV+<\/span><\/li>\n<li><span class=\"a-list-item\">Lo \u00faltimo en series, pel\u00edculas, deportes y televisi\u00f3n, en un solo sitio<\/span><\/li>\n<li><span class=\"a-list-item\">M\u00e1s formas de sacar partido a tu televisor con Apple Arcade, Apple Fitness+ y Apple Music<\/span><\/li>\n<\/ul>\n<div class=\"a-row a-expander-container a-expander-inline-container\">\n<div class=\"a-expander-content a-expander-extend-content a-expander-content-expanded\" aria-expanded=\"true\">\n<ul class=\"a-unordered-list a-vertical a-spacing-none\">\n<li><span class=\"a-list-item\">Usa AirPlay para ver fotos, v\u00eddeos y otro contenido de tu iPhone, iPad y Mac en la tele<\/span><\/li>\n<li><span class=\"a-list-item\">Escucha en privado para uno o dos pares de AirPods<\/span><\/li>\n<li><span class=\"a-list-item\">Enlaza un HomePod mini para controlarlo en modo manos libres con Siri<\/span><\/li>\n<\/ul>\n<\/div>\n<\/div>\n","protected":false},"featured_media":986,"template":"","meta":[],"_links":{"self":[{"href":"https:\/\/icon-spirits.com\/iconpartner\/wp-json\/wp\/v2\/product\/873"}],"collection":[{"href":"https:\/\/icon-spirits.com\/iconpartner\/wp-json\/wp\/v2\/product"}],"about":[{"href":"https:\/\/icon-spirits.com\/iconpartner\/wp-json\/wp\/v2\/types\/product"}],"wp:featuredmedia":[{"embeddable":true,"href":"https:\/\/icon-spirits.com\/iconpartner\/wp-json\/wp\/v2\/media\/986"}],"wp:attachment":[{"href":"https:\/\/icon-spirits.com\/iconpartner\/wp-json\/wp\/v2\/media?parent=873"}],"curies":[{"name":"wp","href":"https:\/\/api.w.org\/{rel}","templated":true}]}}