{"id":867,"date":"2023-03-02T15:24:51","date_gmt":"2023-03-02T15:24:51","guid":{"rendered":"https:\/\/icon-spirits.com\/iconpartner\/?post_type=product&#038;p=867"},"modified":"2024-09-18T11:42:46","modified_gmt":"2024-09-18T11:42:46","slug":"samsung-galaxy-watch-5-44mm","status":"publish","type":"product","link":"https:\/\/icon-spirits.com\/iconpartner\/producto\/samsung-galaxy-watch-5-44mm\/","title":{"rendered":"SAMSUNG Galaxy Watch 5 (44mm)"},"content":{"rendered":"","protected":false},"excerpt":{"rendered":"<ul class=\"a-unordered-list a-vertical a-spacing-mini\">\n<li><span class=\"a-list-item\">Controla tu salud las 24 horas del d\u00eda, incluso de noche.<\/span><\/li>\n<li><span class=\"a-list-item\">Mide tu composici\u00f3n corporal con Samsung BioActive sensor para alcanzar todas tus metas de salud.<\/span><\/li>\n<li><span class=\"a-list-item\">Con un 13% m\u00e1s de bater\u00eda para tu d\u00eda a d\u00eda.<\/span><\/li>\n<li><span class=\"a-list-item\">Pantalla de cristal de zafiro, 1,6 veces m\u00e1s resistente ante roturas.<\/span><\/li>\n<\/ul>\n","protected":false},"featured_media":868,"template":"","meta":[],"_links":{"self":[{"href":"https:\/\/icon-spirits.com\/iconpartner\/wp-json\/wp\/v2\/product\/867"}],"collection":[{"href":"https:\/\/icon-spirits.com\/iconpartner\/wp-json\/wp\/v2\/product"}],"about":[{"href":"https:\/\/icon-spirits.com\/iconpartner\/wp-json\/wp\/v2\/types\/product"}],"wp:featuredmedia":[{"embeddable":true,"href":"https:\/\/icon-spirits.com\/iconpartner\/wp-json\/wp\/v2\/media\/868"}],"wp:attachment":[{"href":"https:\/\/icon-spirits.com\/iconpartner\/wp-json\/wp\/v2\/media?parent=867"}],"curies":[{"name":"wp","href":"https:\/\/api.w.org\/{rel}","templated":true}]}}