{"id":468,"date":"2021-11-21T12:28:07","date_gmt":"2021-11-21T12:28:07","guid":{"rendered":"https:\/\/icon-spirits.com\/iconpartner\/?post_type=product&#038;p=468"},"modified":"2024-12-16T08:57:07","modified_gmt":"2024-12-16T08:57:07","slug":"apple-airpods-3","status":"publish","type":"product","link":"https:\/\/icon-spirits.com\/iconpartner\/producto\/apple-airpods-3\/","title":{"rendered":"Apple AirPods 3"},"content":{"rendered":"<p><span class=\"a-list-item\">Audio espacial con seguimiento din\u00e1mico de la cabeza que te mete de lleno en lo que escuchas<\/span><\/p>\n<p><span class=\"a-list-item\">Ecualizaci\u00f3n adaptativa que ajusta autom\u00e1ticamente la m\u00fasica a tus o\u00eddos<\/span><\/p>\n<p><span class=\"a-list-item\">Nuevo dise\u00f1o con ajuste anat\u00f3mico<\/span><\/p>\n<p><span class=\"a-list-item\">Sensor de presi\u00f3n para controlar con facilidad la m\u00fasica, responder o colgar llamadas y mucho m\u00e1s<\/span><\/p>\n<p><span class=\"a-list-item\">Resistencia al agua y al sudor<\/span><\/p>\n","protected":false},"excerpt":{"rendered":"<p>Audio espacial con seguimiento din\u00e1mico de la cabeza que te mete de lleno en lo que escuchas Ecualizaci\u00f3n adaptativa que ajusta autom\u00e1ticamente la m\u00fasica a tus o\u00eddos Nuevo dise\u00f1o con ajuste anat\u00f3mico Sensor de presi\u00f3n para controlar con facilidad la m\u00fasica, responder o colgar llamadas y mucho m\u00e1s Resistencia al agua y al sudor<\/p>\n","protected":false},"featured_media":469,"template":"","meta":[],"_links":{"self":[{"href":"https:\/\/icon-spirits.com\/iconpartner\/wp-json\/wp\/v2\/product\/468"}],"collection":[{"href":"https:\/\/icon-spirits.com\/iconpartner\/wp-json\/wp\/v2\/product"}],"about":[{"href":"https:\/\/icon-spirits.com\/iconpartner\/wp-json\/wp\/v2\/types\/product"}],"wp:featuredmedia":[{"embeddable":true,"href":"https:\/\/icon-spirits.com\/iconpartner\/wp-json\/wp\/v2\/media\/469"}],"wp:attachment":[{"href":"https:\/\/icon-spirits.com\/iconpartner\/wp-json\/wp\/v2\/media?parent=468"}],"curies":[{"name":"wp","href":"https:\/\/api.w.org\/{rel}","templated":true}]}}