{"id":466,"date":"2021-11-21T12:23:49","date_gmt":"2021-11-21T12:23:49","guid":{"rendered":"https:\/\/icon-spirits.com\/iconpartner\/?post_type=product&#038;p=466"},"modified":"2024-08-06T18:19:46","modified_gmt":"2024-08-06T18:19:46","slug":"iphone-13-mini-256gb","status":"publish","type":"product","link":"https:\/\/icon-spirits.com\/iconpartner\/producto\/iphone-13-mini-256gb\/","title":{"rendered":"iPhone 15 Pro Max 256 GB"},"content":{"rendered":"<ul class=\"a-unordered-list a-vertical a-spacing-mini\">\n<li>\n<ul class=\"a-unordered-list a-vertical a-spacing-mini\">\n<li class=\"a-spacing-mini\"><span class=\"a-list-item\">FORJADO EN TITANIO \u2014 El iPhone 15 Pro Max tiene un dise\u00f1o de titanio robusto y ligero de calidad aeroespacial con parte trasera de vidrio mate texturizado. La parte delantera con Ceramic Shield es m\u00e1s resistente que cualquier vidrio de smartphone. Y no se inmuta con las salpicaduras, el agua ni el polvo.<\/span><\/li>\n<li class=\"a-spacing-mini\"><span class=\"a-list-item\">PANTALLA AVANZADA \u2014 La pantalla Super Retina XDR de 6,7\u2033 con ProMotion aumenta la frecuencia de actualizaci\u00f3n hasta 120 Hz cuando necesitas el m\u00e1ximo rendimiento gr\u00e1fico. La interfaz Dynamic Island muestra alertas y actividades en tiempo real. Y con la pantalla siempre activa, tu pantalla de bloqueo permanece visible en todo momento. Una mirada r\u00e1pida y te enteras de lo que te interesa sin mover ni un dedo.<\/span><\/li>\n<li class=\"a-spacing-mini\"><span class=\"a-list-item\">A17 PRO: UN CHIP ROMPEDOR \u2014 La GPU tiene una potencia sideral para que disfrutes de los juegos m\u00f3viles m\u00e1s avanzados, con entornos ultradetallados y personajes m\u00e1s realistas. Adem\u00e1s, el A17 Pro es tan eficiente que te da autonom\u00eda para un d\u00eda entero.<\/span><\/li>\n<li class=\"a-spacing-mini\"><span class=\"a-list-item\">SISTEMA DE C\u00c1MARAS PRO \u2014 Los siete objetivos profesionales te dan una flexibilidad de encuadre asombrosa. Haz fotos en alt\u00edsima resoluci\u00f3n con m\u00e1s color y detalle gracias a la c\u00e1mara principal de 48 Mpx. Y consigue unos primeros planos supern\u00edtidos desde m\u00e1s lejos con el teleobjetivo x5 del iPhone 15 Pro Max.<\/span><\/li>\n<li class=\"a-spacing-mini\"><span class=\"a-list-item\">BOT\u00d3N ACCI\u00d3N PERSONALIZABLE \u2014 El bot\u00f3n Acci\u00f3n te da acceso directo a tu prestaci\u00f3n favorita, ya sea el modo Silencio, C\u00e1mara, Nota de Voz o Atajo. Config\u00faralo a tu gusto y mantenlo pulsado para tirar de su magia.<\/span><\/li>\n<li class=\"a-spacing-mini\"><span class=\"a-list-item\">CONECTIVIDAD PRO \u2014 El nuevo conector USB-C ha llegado para hacerte la vida m\u00e1s f\u00e1cil: te permite cargar tu Mac o iPad con el mismo cable que usas para tu iPhone 15 Pro Max. El USB 3 da un aceler\u00f3n en la transferencia de datos. Y con la conexi\u00f3n Wi Fi 6E, podr\u00e1s descargar archivos hasta el doble de r\u00e1pido.<\/span><\/li>\n<li class=\"a-spacing-mini\"><span class=\"a-list-item\">PRESTACIONES QUE SALVAN VIDAS \u2014 Emergencia SOS v\u00eda sat\u00e9lite te permite pedir ayuda cuando no tienes cobertura ni wifi. Con la detecci\u00f3n de accidentes, el iPhone sabe si has sufrido un accidente grave de coche y llama a los servicios de emergencia<\/span><\/li>\n<\/ul>\n<div class=\"a-row a-expander-container a-expander-inline-container\">\n<div class=\"a-expander-content a-expander-extend-content a-expander-content-expanded\" aria-expanded=\"true\">\n<ul class=\"a-unordered-list a-vertical a-spacing-none\">\n<li class=\"a-spacing-mini\"><span class=\"a-list-item\">DISE\u00d1ADO PARA CAMBIAR LAS COSAS \u2014 El iPhone protege tu privacidad y te da m\u00e1s control sobre tus datos. Est\u00e1 fabricado con m\u00e1s materiales reciclados para reducir su impacto medioambiental. Y viene con prestaciones de accesibilidad integradas.<\/span><\/li>\n<li class=\"a-spacing-mini\"><span class=\"a-list-item\">GARANT\u00cdA APPLECARE \u2014 Todos los iPhone incluyen un a\u00f1o de garant\u00eda limitada y hasta 90 d\u00edas de asistencia t\u00e9cnica gratuita. Elige AppleCare+ o AppleCare+ con robo y p\u00e9rdida para ampliar tu cobertura.<\/span><\/li>\n<\/ul>\n<\/div>\n<\/div>\n<\/li>\n<\/ul>\n","protected":false},"excerpt":{"rendered":"<p>FORJADO EN TITANIO \u2014 El iPhone 15 Pro Max tiene un dise\u00f1o de titanio robusto y ligero de calidad aeroespacial con parte trasera de vidrio mate texturizado. La parte delantera con Ceramic Shield es m\u00e1s resistente que cualquier vidrio de smartphone. Y no se inmuta con las salpicaduras, el agua ni el polvo. PANTALLA AVANZADA&hellip; <a class=\"more-link\" href=\"https:\/\/icon-spirits.com\/iconpartner\/producto\/iphone-13-mini-256gb\/\">Seguir leyendo <span class=\"screen-reader-text\">iPhone 15 Pro Max 256 GB<\/span><\/a><\/p>\n","protected":false},"featured_media":1059,"template":"","meta":[],"_links":{"self":[{"href":"https:\/\/icon-spirits.com\/iconpartner\/wp-json\/wp\/v2\/product\/466"}],"collection":[{"href":"https:\/\/icon-spirits.com\/iconpartner\/wp-json\/wp\/v2\/product"}],"about":[{"href":"https:\/\/icon-spirits.com\/iconpartner\/wp-json\/wp\/v2\/types\/product"}],"wp:featuredmedia":[{"embeddable":true,"href":"https:\/\/icon-spirits.com\/iconpartner\/wp-json\/wp\/v2\/media\/1059"}],"wp:attachment":[{"href":"https:\/\/icon-spirits.com\/iconpartner\/wp-json\/wp\/v2\/media?parent=466"}],"curies":[{"name":"wp","href":"https:\/\/api.w.org\/{rel}","templated":true}]}}